re the prime factors of 25300285?
5, 227, 22291
List the prime factors of 310336888.
2, 29, 619, 2161
List the prime factors of 3833679372.
2, 3, 37, 8634413
List the prime factors of 68037568.
2, 1063087
List the prime factors of 2116119289.
2116119289
What are the prime factors of 149423288?
2, 7, 487, 5479
List the prime factors of 772735805.
5, 211, 509, 1439
List the prime factors of 363202305.
3, 5, 163, 148549
List the prime factors of 123465214.
2, 487, 126761
List the prime factors of 264073792.
2, 101, 40853
List the prime factors of 957330453.
3, 79, 1559, 2591
List the prime factors of 5703455521.
23, 247976327
What are the prime factors of 5049109427?
5049109427
List the prime factors of 201015854.
2, 13, 17, 127, 3581
What are the prime factors of 1218912351?
3, 406304117
List the prime factors of 4854751281.
3, 293, 204557
What are the prime factors of 261590363?
131, 853, 2341
What are the prime factors of 227803854?
2, 3, 37967309
List the prime factors of 475818584.
2, 353, 168491
List the prime factors of 420174256.
2, 26260891
What are the prime factors of 98115339?
3, 7, 101, 167, 277
What are the prime factors of 8367218937?
3, 7, 11, 12073909
List the prime factors of 2177839382.
2, 1487, 732293
What are the prime factors of 1001683764?
2, 3, 23, 1209763
List the prime factors of 3712108.
2, 23, 157, 257
List the prime factors of 153927094.
2, 19, 163, 24851
What are the prime factors of 59281472?
2, 926273
List the prime factors of 5534020.
2, 5, 89, 3109
What are the prime factors of 54037633?
13, 97, 42853
List the prime factors of 58731466.
2, 23, 1276771
List the prime factors of 398732864.
2, 181, 34421
What are the prime factors of 35511012?
2, 3, 986417
List the prime factors of 4093102268.
2, 2903, 352489
List the prime factors of 2060175669.
3, 686725223
What are the prime factors of 1464083848?
2, 433, 422657
List the prime factors of 57704232.
2, 3, 1123, 2141
What are the prime factors of 3036872737?
229, 13261453
List the prime factors of 28347087.
3, 9449029
What are the prime factors of 1058311407?
3, 37, 9534337
List the prime factors of 300507646.
2, 150253823
What are the prime factors of 124102084?
2, 31025521
What are the prime factors of 145943561?
145943561
What are the prime factors of 108073628?
2, 13, 2078339
What are the prime factors of 317883149?
419, 758671
List the prime factors of 31416993.
3, 3490777
List the prime factors of 50160177.
3, 5573353
List the prime factors of 30702616.
2, 7, 67, 167
What are the prime factors of 377764688?
2, 7, 19, 167, 1063
List the prime factors of 4750204.
2, 1187551
List the prime factors of 133043776.
2, 19, 23, 67, 71
List the prime factors of 162854829.
3, 41, 109, 4049
List the prime factors of 1444481651.
5569, 259379
What are the prime factors of 1866957686?
2, 11, 84861713
What are the prime factors of 27414067?
27414067
List the prime factors of 2734400190.
2, 3, 5, 17, 5361569
What are the prime factors of 7019406435?
3, 5, 41, 11413669
List the prime factors of 3038589281.
7, 13, 43, 18059
What are the prime factors of 9809585?
5, 1961917
List the prime factors of 69968379.
3, 13, 17, 105533
What are the prime factors of 1180022182?
2, 257, 2295763
What are the prime factors of 157163273?
31, 5069783
What are the prime factors of 60893056?
2, 7, 67961
List the prime factors of 1488646700.
2, 5, 59, 252313
What are the prime factors of 615916837?
37, 16646401
List the prime factors of 58831325.
5, 7, 53, 6343
What are the prime factors of 41622165?
3, 5, 13, 421
What are the prime factors of 256588842?
2, 3, 42764807
What are the prime factors of 2928676008?
2, 3, 89, 1371103
List the prime factors of 44505228.
2, 3, 37, 100237
What are the prime factors of 255798511?
53, 1523, 3169
What are the prime factors of 65133619?
65133619
List the prime factors of 213945791.
71, 3013321
List the prime factors of 7039166228.
2, 97, 18142181
What are the prime factors of 544107238?
2, 272053619
List the prime factors of 196978493.
1511, 130363
List the prime factors of 222674700.
2, 3, 5, 101, 7349
List the prime factors of 271225121.
3119, 86959
What are the prime factors of 1669951704?
2, 3, 4297, 16193
What are the prime factors of 210179000?
2, 5, 67, 3137
What are the prime factors of 82401598?
2, 41200799
List the prime factors of 32314104.
2, 3, 448807
List the prime factors of 15996084.
2, 3, 13, 102539
What are the prime factors of 2761691?
1307, 2113
List the prime factors of 816879965.
5, 11, 14852363
What are the prime factors of 87324802?
2, 101, 432301
List the prime factors of 529935226.
2, 23, 11520331
List the prime factors of 2591959633.
43, 1401817
List the prime factors of 331010552.
2, 19, 67, 32503
List the prime factors of 200143622.
2, 7, 14295973
List the prime factors of 999545958.
2, 3, 19, 29, 31, 3251
List the prime factors of 95096971.
163, 583417
What are the prime factors of 450255831?
3, 150085277
What are the prime factors of 125752751?
37, 3398723
What are the prime factors of 185516608?
2, 19, 152563
What are the prime factors of 357549064?
2, 541, 82613
What are the prime factors of 323916626?
2, 11, 71, 131, 1583
List the prime factors of 119467961.
107, 1116523
List the prime factors of 6125659568.
2, 7, 859, 63671
What are the prime factors of 3138778737?
3, 31, 73, 154111
What are the prime factors of 4548663?
3, 7, 41, 587
List the prime factors of 29122136.
2, 19, 41, 4673
List the prime factors of 45301735.
5, 251, 36097
What are the prime factors of 37306475?
5, 283, 5273
What are the prime factors of 1197661447?
19, 1879, 33547
List the prime factors of 935587561.
61, 15337501
What are the prime factors of 2394757526?
2, 7, 171054109
List the prime factors of 67175029.
67175029
List the prime factors of 78426499.
2503, 31333
What are the prime factors of 82865744?
2, 13, 398393
List the prime factors of 3988491462.
2, 3, 83, 889891
What are the prime factors of 111284806?
2, 55642403
What are the prime factors of 407611720?
2, 5, 17, 599429
List the prime factors of 41688066.
2, 3, 7, 223, 4451
What are the prime factors of 1057810692?
2, 3, 3529, 24979
List the prime factors of 666487139.
2381, 279919
List the prime factors of 153076273.
7, 21868039
What are the prime factors of 218987478?
2, 3, 41, 296731
List the prime factors of 1050019689.
3, 3413, 102551
List the prime factors of 3203687290.
2, 5, 53, 139, 43487
List the prime factors of 78856220.
2, 5, 29, 79, 1721
List the prime factors of 821097180.
2, 3, 5, 4561651
List the prime factors of 577861074.
2, 3, 7, 1528733
What are the prime factors of 194297585?
5, 443, 87719
List the prime factors of 4857480284.
2, 107, 599, 18947
What are the prime factors of 3402708740?
2, 5, 1531, 111127
List the prime factors of 537201852.
2, 3, 11, 31, 53, 2477
List the prime factors of 44127561.
3, 14709187
List the prime factors of 1257706646.
2, 7, 2767, 32467
List the prime factors of 295478878.
2, 97, 1523087
What are the prime factors of 62208327?
3, 20736109
List the prime factors of 1951436068.
2, 487859017
List the prime factors of 13714767.
3, 11, 17, 29, 281
What are the prime factors of 211498207?
17, 2683, 4637
What are the prime factors of 4294530828?
2, 3, 7, 17041789
List the prime factors of 1789026818.
2, 1303, 686503
What are the prime factors of 54911445?
3, 5, 17, 53, 239
List the prime factors of 3940864135.
5, 13, 2707, 22397
List the prime factors of 765250579.
29, 863, 30577
What are the prime factors of 1490538948?
2, 3, 59, 499, 4219
What are the prime factors of 138486085?
5, 53, 479, 1091
List the prime factors of 6870945653.
11, 13, 271, 177301
What are the prime factors of 1098347481?
3, 7, 11, 59, 26863
What are the prime factors of 344552283?
3, 38283587
List the prime factors of 84640228.
2, 523, 40459
What are the prime factors of 1631140?
2, 5, 7, 61, 191
List the prime factors of 210072325.
5, 1109, 7577
List the prime factors of 211588387.
211588387
List the prime factors of 119064075.
3, 5, 13, 122117
List the prime factors of 206176489.
206176489
List the prime factors of 8002790017.
8002790017
What are the prime factors of 5111758328?
2, 19, 173, 349, 557
What are the prime factors of 178675959?
3, 7, 11, 79, 9791
What 